prime factors of 9473?
9473
What are the prime factors of 54172?
2, 29, 467
List the prime factors of 10184.
2, 19, 67
List the prime factors of 987.
3, 7, 47
What are the prime factors of 27426?
2, 3, 7, 653
What are the prime factors of 4111?
4111
List the prime factors of 9517.
31, 307
List the prime factors of 10142.
2, 11, 461
What are the prime factors of 1021?
1021
List the prime factors of 46680.
2, 3, 5, 389
What are the prime factors of 44576?
2, 7, 199
List the prime factors of 217.
7, 31
What are the prime factors of 54?
2, 3
What are the prime factors of 1508?
2, 13, 29
What are the prime factors of 1245?
3, 5, 83
List the prime factors of 289.
17
What are the prime factors of 235?
5, 47
What are the prime factors of 4010?
2, 5, 401
List the prime factors of 53037.
3, 71, 83
List the prime factors of 1560.
2, 3, 5, 13
List the prime factors of 1571.
1571
What are the prime factors of 5898?
2, 3, 983
List the prime factors of 453.
3, 151
What are the prime factors of 1402?
2, 701
What are the prime factors of 806?
2, 13, 31
List the prime factors of 3389.
3389
What are the prime factors of 80302?
2, 40151
What are the prime factors of 405?
3, 5
What are the prime factors of 6497?
73, 89
List the prime factors of 12866.
2, 7, 919
List the prime factors of 29226.
2, 3, 4871
List the prime factors of 9205.
5, 7, 263
What are the prime factors of 79732?
2, 31, 643
List the prime factors of 995.
5, 199
What are the prime factors of 43400?
2, 5, 7, 31
List the prime factors of 1683.
3, 11, 17
List the prime factors of 41663.
61, 683
What are the prime factors of 130683?
3, 7, 127
What are the prime factors of 30091?
30091
List the prime factors of 40676.
2, 10169
What are the prime factors of 2335?
5, 467
What are the prime factors of 15325?
5, 613
List the prime factors of 1621.
1621
What are the prime factors of 7652?
2, 1913
List the prime factors of 115690.
2, 5, 23, 503
What are the prime factors of 885?
3, 5, 59
What are the prime factors of 745?
5, 149
List the prime factors of 1582.
2, 7, 113
List the prime factors of 6466.
2, 53, 61
What are the prime factors of 1542?
2, 3, 257
List the prime factors of 37038.
2, 3, 6173
List the prime factors of 6112.
2, 191
List the prime factors of 1554.
2, 3, 7, 37
List the prime factors of 17061.
3, 11, 47
List the prime factors of 14360.
2, 5, 359
List the prime factors of 669.
3, 223
List the prime factors of 15383.
15383
What are the prime factors of 4977?
3, 7, 79
What are the prime factors of 11571?
3, 7, 19, 29
List the prime factors of 12926.
2, 23, 281
List the prime factors of 496.
2, 31
What are the prime factors of 2206?
2, 1103
List the prime factors of 42246.
2, 3, 2347
What are the prime factors of 26580?
2, 3, 5, 443
What are the prime factors of 50048?
2, 17, 23
List the prime factors of 97182.
2, 3, 5399
List the prime factors of 10002.
2, 3, 1667
What are the prime factors of 45426?
2, 3, 67, 113
List the prime factors of 186.
2, 3, 31
List the prime factors of 14462.
2, 7, 1033
List the prime factors of 122569.
19, 6451
What are the prime factors of 1648?
2, 103
List the prime factors of 23326.
2, 107, 109
What are the prime factors of 14?
2, 7
What are the prime factors of 359?
359
What are the prime factors of 29082?
2, 3, 37, 131
What are the prime factors of 2654?
2, 1327
What are the prime factors of 7786?
2, 17, 229
List the prime factors of 5254.
2, 37, 71
What are the prime factors of 2243?
2243
What are the prime factors of 548?
2, 137
List the prime factors of 30200.
2, 5, 151
List the prime factors of 50135.
5, 37, 271
What are the prime factors of 47729?
11, 4339
What are the prime factors of 3558?
2, 3, 593
What are the prime factors of 33370?
2, 5, 47, 71
What are the prime factors of 4037?
11, 367
List the prime factors of 1329.
3, 443
What are the prime factors of 14083?
14083
What are the prime factors of 445?
5, 89
What are the prime factors of 7385?
5, 7, 211
List the prime factors of 121605.
3, 5, 11, 67
List the prime factors of 10406.
2, 11, 43
What are the prime factors of 138375?
3, 5, 41
What are the prime factors of 138165?
3, 5, 61, 151
What are the prime factors of 18564?
2, 3, 7, 13, 17
What are the prime factors of 221?
13, 17
List the prime factors of 734.
2, 367
What are the prime factors of 3473?
23, 151
What are the prime factors of 1343?
17, 79
List the prime factors of 2071.
19, 109
List the prime factors of 8741.
8741
List the prime factors of 43545.
3, 5, 2903
List the prime factors of 30630.
2, 3, 5, 1021
What are the prime factors of 34517?
7, 4931
List the prime factors of 8045.
5, 1609
What are the prime factors of 2683?
2683
List the prime factors of 549.
3, 61
List the prime factors of 789.
3, 263
What are the prime factors of 33610?
2, 5, 3361
What are the prime factors of 7150?
2, 5, 11, 13
List the prime factors of 1310.
2, 5, 131
What are the prime factors of 28044?
2, 3, 19, 41
What are the prime factors of 17?
17
List the prime factors of 10560.
2, 3, 5, 11
List the prime factors of 4.
2
List the prime factors of 5133.
3, 29, 59
What are the prime factors of 16676?
2, 11, 379
What are the prime factors of 684?
2, 3, 19
What are the prime factors of 42739?
79, 541
What are the prime factors of 23451?
3, 7817
What are the prime factors of 48973?
48973
What are the prime factors of 7205?
5, 11, 131
List the prime factors of 46724.
2, 11681
What are the prime factors of 5148?
2, 3, 11, 13
List the prime factors of 23163.
3, 7, 1103
List the prime factors of 1120.
2, 5, 7
List the prime factors of 77032.
2, 9629
What are the prime factors of 926?
2, 463
What are the prime factors of 495?
3, 5, 11
List the prime factors of 15857.
101, 157
What are the prime factors of 909?
3, 101
List the prime factors of 859.
859
List the prime factors of 5206.
2, 19, 137
What are the prime factors of 68770?
2, 5, 13, 23
List the prime factors of 8180.
2, 5, 409
What are the prime factors of 2461?
23, 107
List the prime factors of 28962.
2, 3, 1609
What are the prime factors of 97411?
29, 3359
List the prime factors of 12468.
2, 3, 1039
List the prime factors of 1909.
23, 83
List the prime factors of 40676.
2, 10169
What are the prime factors of 623?
7, 89
List the prime factors of 75190.
2, 5, 73, 103
What are the prime factors of 3054?
2, 3, 509
List the prime factors of 529.
23
What are the prime factors of 925?
5, 37
What are the prime factors of 1642?
2, 821
What are the prime factors of 2660?
2, 5, 7, 19
List the prime factors of 3939.
3, 13, 101
What are the prime factors of 1228?
2, 307
List the prime factors of 228.
2, 3, 19
What are the prime factors of 1849?
43
What are the prime factors of 5790?
2, 3, 5, 193
List the prime factors of 19368.
2, 3, 269
What are the prime factors of 1394?
2, 17, 41
List the prime factors of 6273.
3, 17, 41
List the prime factors of 360.
2, 3, 5
List the prime factors of 31319.
31319
List the prime factors of 11182.
2, 5591
List the prime factors of 5052.
2, 3, 421
List the prime factors of 45950.
2, 5, 919
List the prime factors of 2722.
2, 1361
List the prime factors of 46375.
5, 7, 53
List the prime factors of 43477.
7, 6211
What are the prime factors of 5422?
2, 2711
What are the prime factors of 9114?
2, 3, 7, 31
List the prime factors of 66654.
2, 3, 7, 23
List the prime factors of 565.
5, 113
List the prime factors of 7199.
23, 313
List the prime factors of 18928.
2, 7, 13
List the prime factors of 2663.
2663
List the prime factors of 5855.
5, 1171
List the prime factors of 1306.
2, 653
List the prime factors of 1631.
7, 233
What are the prime factors of 1296?
2, 3
What are the prime factors of 21683?
21683
What are the prime factors of 676?
2, 13
What are the prime factors of 12366?
2, 3, 229
What are the prime factors of 1938?
2, 3, 17, 19
List the prime factors of 5065.
5, 1013
What are the prime factors of 2315?
5, 463
List the prime factors of 36848.
2, 7, 47
What are the prime factors of 775?
5, 31
List the prime factors of 2428.
2, 607
What are the prime factors of 3062?
2, 1531
What are the prime factors of 7964?
2, 11, 181
List the prime factors of 361.
19
List the prime factors of 763.
7, 109
What are the prime factors of 3891?
3, 1297
List the prime factors of 18757.
18757
What ar